ert -216323 (base 8) to base 12.
-36243
-110110100111100000001 (base 2) to base 9
-3327002
What is -10001001011101000 (base 2) in base 10?
-70376
-473270 (base 8) to base 6
-3243304
What is -50659 (base 13) in base 2?
-100011001000010101
Convert 480490 (base 10) to base 8.
1652352
-37dd2 (base 14) to base 3
-20222012001
Convert -23572 (base 14) to base 3.
-11101011112
Convert -22014122 (base 5) to base 14.
-4ca7c
Convert 31520304 (base 6) to base 11.
584290
What is -3b894 (base 12) in base 11?
-56a72
What is -2012201031 (base 4) in base 8?
-2064115
Convert 2528822 (base 11) to base 4.
100233212303
Convert -101023423 (base 5) to base 14.
-a8980
Convert 10290995 (base 10) to base 2.
100111010000011100110011
Convert 3122130310 (base 4) to base 10.
894772
Convert -660259 (base 10) to base 11.
-411076
Convert -14501773 (base 8) to base 16.
-3283fb
24bab1 (base 12) to base 10
601189
10020031022 (base 4) to base 16
10834a
Convert -100111101001111010010 (base 2) to base 5.
-313040120
Convert -1331212100 (base 4) to base 10.
-514448
Convert 1010001010001000 (base 2) to base 15.
c4dd
Convert -150353 (base 13) to base 2.
-1111101101001110001
Convert 40722434 (base 8) to base 10.
8627484
206133 (base 8) to base 14
1b071
What is -131241024 (base 5) in base 9?
-1188862
12e72 (base 16) to base 8
227162
142643 (base 8) to base 5
3104340
Convert -47737e (base 15) to base 10.
-3416294
Convert 161381 (base 14) to base 16.
bc6b5
181234 (base 15) to base 12
4840a1
243b5c (base 13) to base 10
865357
Convert 691a3 (base 13) to base 10.
191441
-4045130 (base 6) to base 7
-1432341
41b200 (base 12) to base 13
2a3351
-17476c (base 13) to base 4
-2031322201
110001100101011001 (base 2) to base 12
99649
What is -110819 (base 11) in base 16?
-2b228
Convert 10321012332 (base 5) to base 11.
62a9401
What is 21548788 (base 9) in base 6?
1011241255
Convert -364811 (base 10) to base 4.
-1121010023
-2e8ab (base 15) to base 14
-3cb93
What is -100001111010000001010000 (base 2) in base 6?
-514302000
20122220022122 (base 3) to base 12
1229222
What is 10201212112102 (base 3) in base 11?
1136780
155d1 (base 16) to base 10
87505
22212301212 (base 4) to base 14
525302
What is 122444340 (base 5) in base 11?
376086
Convert -224928 (base 12) to base 14.
-1036a4
122102201212212 (base 3) to base 9
18381785
What is 2768b4 (base 13) in base 6?
32303242
10001111101110100 (base 2) to base 13
27658
Convert -209d6 (base 14) to base 15.
-18524
-220012020 (base 3) to base 5
-1031022
-116807 (base 9) to base 7
-412642
Convert 1010100101111111 (base 2) to base 7.
240335
What is -127a41 (base 13) in base 15?
-8c027
Convert 23031332 (base 4) to base 8.
131576
What is -573136 (base 10) in base 6?
-20141224
What is 72594 (base 10) in base 14?
1c654
What is -d2738b (base 14) in base 5?
-3303312323
Convert -57856a (base 16) to base 3.
-101210102000112
Convert -1532327 (base 10) to base 14.
-2bc5dd
What is 100000000010001110 (base 2) in base 12?
63b26
Convert -211002022212 (base 3) to base 5.
-102402343
Convert 162974 (base 15) to base 3.
2000110112001
What is 1101001001101110 (base 2) in base 7?
313025
-20034414 (base 5) to base 2
-100110110000001110
What is 125063364 (base 7) in base 8?
36447620
Convert 398b2 (base 12) to base 9.
130378
Convert -203004002 (base 5) to base 6.
-25432123
2220000221121 (base 3) to base 11
959aa2
Convert 443cc2 (base 14) to base 7.
25453232
-2161544 (base 8) to base 14
-1123d2
What is -294cd (base 14) in base 13?
-37861
Convert -17877 (base 14) to base 5.
-3344142
-2a755 (base 14) to base 6
-2133235
What is -5907227 (base 10) in base 9?
-12103165
What is -10000111011001100010011 (base 2) in base 10?
-4436755
What is -494ca2 (base 15) in base 10?
-3509477
Convert 112012020112112 (base 3) to base 16.
731a3b
Convert 33430422 (base 5) to base 4.
1020030321
12dbd (base 14) to base 7
252626
-9a6b (base 15) to base 10
-32726
Convert 997a8a (base 11) to base 7.
16346654
Convert 3172d9 (base 14) to base 13.
466b79
3201411 (base 6) to base 13
55c54
Convert -52977 (base 12) to base 7.
-631252
-271cb (base 14) to base 15
-1d87a
Convert 7214 (base 11) to base 16.
2566
Convert -12020121100 (base 3) to base 8.
-311476
Convert 14a7161 (base 11) to base 13.
6c0707
What is -10011001100000111000 (base 2) in base 12?
-263a74
Convert -111001001000011101 (base 2) to base 9.
-386004
What is -45c511 (base 13) in base 6?
-55250544
106096b (base 12) to base 11
1835a20
Convert 101012020202122 (base 3) to base 10.
5417756
Convert 1c0 (base 15) to base 4.
12111
What is 2a2378 (base 13) in base 5?
231030241
Convert 156db2 (base 15) to base 6.
34111322
Convert -323067 (base 11) to base 10.
-516501
Convert -1121022011120 (base 3) to base 6.
-30133540
Convert -635245 (base 7) to base 13.
-3b032
Convert 10300430 (base 5) to base 6.
1513343
Convert -1561112 (base 7) to base 4.
-310312223
247cf (base 16) to base 8
443717
Convert -5334663 (base 10) to base 11.
-3014014
What is -31766065 (base 8) in base 2?
-11001111110110000110101
1626062 (base 9) to base 4
3130201313
583213 (base 12) to base 16
15996f
Convert -101101010110001000 (base 2) to base 3.
-100102210010
Convert 61656 (base 10) to base 13.
220aa
What is -433411024 (base 5) in base 16?
-1c55f6
Convert e956 (base 16) to base 10.
59734
15312044 (base 7) to base 2
101100101101111110000
Convert -10111101101100010000101 (base 2) to base 8.
-27554205
Convert 206304631 (base 7) to base 9.
25107374
Convert -152731 (base 11) to base 16.
-3a0e7
What is -111131023121 (base 4) in base 8?
-25351331
What is -85834 (base 13) in base 8?
-726344
What is 1112221010 (base 3) in base 5?
1434232
-1061530 (base 8) to base 10
-287576
What is -b49919 (base 12) in base 8?
-12644745
What is -2dadd1 (base 16) in base 12?
-1004501
-2352 (base 15) to base 3
-101021212
What is -313806 (base 9) in base 14?
-4bdad
What is 2243c (base 15) in base 3?
12112110110
What is 3403752 (base 9) in base 11?
1042445
-328a5 (base 15) to base 11
-aa712
What is 211133013210 (base 4) in base 10?
9826788
Convert -979624 (base 10) to base 9.
-1752711
Convert -545332 (base 14) to base 6.
-141123252
What is -2033323001 (base 4) in base 9?
-1087575
-15231213 (base 6) to base 14
-dc321
Convert 1305201 (base 6) to base 11.
494a0
What is 220323514 (base 6) in base 4?
33003112012
What is -452531002 (base 6) in base 15?
-ad0b62
What is 607445 (base 8) in base 14?
530c5
Convert 343425533 (base 6) to base 14.
bac1d7
416b1 (base 15) to base 6
4240051
What is ab47c (base 13) in base 5?
34414211
Convert -100011000101011010011 (base 2) to base 14.
-21cd7d
What is 182788 (base 9) in base 2?
11011101111101010
1622566 (base 8) to base 2
1110010010101110110
-239a651 (base 11) to base 12
-1492520
Convert 11216041 (base 7) to base 14.
1b6c58
-1113230100 (base 4) to base 8
-1275420
-59a392 (base 11) to base 3
-1210022020202
What is 120201200222222 (base 3) in base 7?
131024360
287b (base 16) to base 15
310d
What is -295681 (base 11) in base 15?
-91a61
Convert -314013321 (base 5) to base 10.
-1313586
6406660 (base 7) to base 8
2752534
-10100011111010011011 (base 2) to base 16
-a3e9b
-103418 (base 12) to base 2
-111110001010010100
Convert -130011032 (base 4) to base 3.
-12211210002
Convert 11616523 (base 7) to base 3.
1222011212201
Convert 1010401 (base 6) to base 2.
1011101111100001
Convert -106a57 (base 11) to base 8.
-514505
110111122000 (base 3) to base 7
2043405
13332123 (base 5) to base 14
37a8a
What is 100011001001100 (base 2) in base 15?
54eb
-25390 (base 12) to base 9
-76430
What is -14b289 (base 12) in base 15?
-6e0bc
What is 130100121303 (base 4) in base 8?
34203163
-5107 (base 14) to base 11
-a508
Convert -1212637 (base 9) to base 16.
-a0a9e
What is -77602 (base 8) in base 11?
-22585
-36b9b3 (base 13) to base 6
-44033451
Convert 1122012211110 (base 3) to base 4.
3110132133
What is -10a0020 (base 15) in base 8?
-55304111
What is -1010110100110111001 (base 2) in base 15?
-7019a
-366036 (base 7) to base 6
-1233440
What is -2362662 (base 7) in base 6?
-10242113
Convert b9aa (base 12) to base 16.
4fd2
d07c (base 15) to base 5
2401432
12122122202 (base 3) to base 15
22e92
Convert -1543155 (base 7) to base 9.
-353326
Convert 12572431 (base 8) to base 15.
3a923c
Convert 738603 (base 9) to base 4.
1223100303
80da48 (base 